 1139?
False
Is 5280 a multiple of 66?
True
Is 12 a factor of 4236?
True
Is 4104 even?
True
Is 2015 a multiple of 20?
False
Is 18 a factor of 23370?
False
Does 18 divide 4734?
True
Does 4 divide 153?
False
Is 31 a factor of 899?
True
Is 39 a factor of 2457?
True
Is 10 a factor of 14437?
False
Is 226 a multiple of 4?
False
Does 4 divide 836?
True
Does 8 divide 312?
True
Is 95 a factor of 4542?
False
Is 2 a factor of 48?
True
Is 11 a factor of 331?
False
Is 7500 a multiple of 41?
False
Does 5 divide 14358?
False
Does 367 divide 52041?
False
Is 24 a factor of 33720?
True
Is 60700 a multiple of 100?
True
Does 19 divide 874?
True
Is 22 a factor of 638?
True
Is 63 a multiple of 9?
True
Does 82 divide 38732?
False
Is 78 a factor of 21052?
False
Does 28 divide 252?
True
Is 2 a factor of 2312?
True
Is 10122 a multiple of 29?
False
Does 38 divide 667?
False
Is 913 a multiple of 11?
True
Does 162 divide 3537?
False
Is 970 a multiple of 63?
False
Does 19 divide 5776?
True
Is 4518 a multiple of 9?
True
Is 9 a factor of 234?
True
Does 47 divide 1082?
False
Is 32041 a multiple of 62?
False
Does 10 divide 217?
False
Is 4255 a multiple of 84?
False
Is 65 a factor of 3365?
False
Is 25631 a multiple of 14?
False
Does 31 divide 1640?
False
Is 45712 a multiple of 53?
False
Is 2 a factor of 303?
False
Does 14 divide 1086?
False
Is 1433 a multiple of 2?
False
Is 8 a factor of 1256?
True
Is 266 a factor of 26316?
False
Does 107 divide 12291?
False
Is 2353 a multiple of 35?
False
Is 13 a factor of 7657?
True
Is 46 a factor of 1116?
False
Is 2400 a multiple of 100?
True
Is 13 a factor of 61165?
True
Is 89789 a multiple of 101?
True
Does 122 divide 14274?
True
Does 27 divide 891?
True
Does 22 divide 14014?
True
Is 253 a multiple of 3?
False
Is 15129 a multiple of 9?
True
Is 44 a factor of 50028?
True
Is 1479 a multiple of 154?
False
Does 145 divide 20735?
True
Is 24 a factor of 195?
False
Does 14 divide 58997?
False
Is 21431 a multiple of 47?
False
Is 238 a factor of 87679?
False
Is 20 a factor of 73682?
False
Is 5371 a multiple of 131?
True
Does 7 divide 305?
False
Is 17 a factor of 284?
False
Is 1921 a multiple of 113?
True
Is 4 a factor of 468?
True
Is 13 a factor of 5720?
True
Does 35 divide 1190?
True
Does 29 divide 1592?
False
Does 16 divide 2016?
True
Is 2100 a multiple of 2?
True
Is 120 a factor of 4080?
True
Is 5540 a multiple of 18?
False
Does 176 divide 6319?
False
Is 13854 a multiple of 7?
False
Does 44 divide 47?
False
Is 1338 a multiple of 6?
True
Is 60 a factor of 47119?
False
Is 5 a multiple of 2?
False
Does 43 divide 1763?
True
Is 23 a factor of 1759?
False
Is 78 a factor of 78?
True
Does 10 divide 37590?
True
Is 2370 a multiple of 30?
True
Is 24 a factor of 27607?
False
Is 30268 a multiple of 9?
False
Is 4 a factor of 43?
False
Is 53 a factor of 439?
False
Is 81 a multiple of 27?
True
Is 28 a factor of 5387?
False
Is 4 a factor of 36265?
False
Is 54 a factor of 8059?
False
Is 1222 a multiple of 13?
True
Is 25500 a multiple of 260?
False
Does 40 divide 640?
True
Is 999 a multiple of 12?
False
Is 6 a factor of 1296?
True
Is 8376 a multiple of 24?
True
Does 29 divide 1605?
False
Is 75 a multiple of 25?
True
Does 16 divide 23296?
True
Is 678 a multiple of 15?
False
Is 32 a factor of 30208?
True
Is 29 a factor of 686?
False
Does 26 divide 178?
False
Is 65 a factor of 7930?
True
Does 19 divide 189?
False
Is 1209 a multiple of 56?
False
Is 32 a factor of 64?
True
Is 360 a multiple of 15?
True
Is 4973 a multiple of 20?
False
Does 259 divide 15799?
True
Does 64 divide 8887?
False
Is 130 a factor of 8840?
True
Does 11 divide 6864?
True
Is 715 a multiple of 5?
True
Does 25 divide 50029?
False
Is 7910 a multiple of 14?
True
Does 18 divide 1338?
False
Does 2 divide 548?
True
Is 3895 a multiple of 78?
False
Is 21963 a multiple of 38?
False
Is 8 a factor of 832?
True
Is 44 a factor of 6963?
False
Does 9 divide 12510?
True
Does 137 divide 9415?
False
Does 17 divide 22681?
False
Does 8 divide 2358?
False
Is 124128 a multiple of 36?
True
Is 216 a factor of 15768?
True
Is 14 a factor of 465?
False
Does 22 divide 1890?
False
Is 652 a multiple of 4?
True
Is 26 a factor of 3588?
True
Is 139 a factor of 27303?
False
Does 49 divide 98079?
False
Does 15 divide 617?
False
Is 4113 a multiple of 12?
False
Does 17 divide 7397?
False
Does 28 divide 284?
False
Does 171 divide 37962?
True
Is 638 a multiple of 22?
True
Is 90 a factor of 27990?
True
Is 52 a factor of 1352?
True
Does 74 divide 276?
False
Does 99 divide 2365?
False
Is 12750 a multiple of 5?
True
Is 20 a factor of 15861?
False
Is 24 a factor of 9264?
True
Does 7 divide 1266?
False
Does 9 divide 243?
True
Does 15 divide 142?
False
Is 6077 a multiple of 89?
False
Does 83 divide 56357?
True
Does 17 divide 692?
False
Does 14 divide 3696?
True
Is 31 a factor of 64728?
True
Is 357 a multiple of 17?
True
Is 10 a factor of 1010?
True
Is 940 a multiple of 40?
False
Does 9 divide 455?
False
Is 21168 a multiple of 18?
True
Is 6 a factor of 133?
False
Is 2096 a multiple of 16?
True
Is 49 a factor of 19796?
True
Is 239 a multiple of 14?
False
Is 3 a factor of 1095?
True
Is 14 a factor of 490?
True
Is 12 a factor of 48?
True
Does 53 divide 614?
False
Is 487 a multiple of 49?
False
Is 384 a multiple of 26?
False
Is 862 a multiple of 18?
False
Is 1446 a multiple of 36?
False
Is 9 a factor of 30942?
True
Is 116 a factor of 3423?
False
Is 2440 a multiple of 61?
True
Is 1564 a multiple of 92?
True
Does 45 divide 22416?
False
Does 8 divide 101?
False
Is 2869 a multiple of 19?
True
Is 77 a factor of 1788?
False
Does 42 divide 30030?
True
Does 16 divide 32?
True
Does 11 divide 309?
False
Is 3202 a multiple of 20?
False
Is 117 a factor of 6318?
True
Does 73 divide 438?
True
Is 900 a multiple of 20?
True
Is 21550 a multiple of 17?
False
Is 2484 a multiple of 23?
True
Does 80 divide 3520?
True
Does 20 divide 620?
True
Does 107 divide 421?
False
Does 86 divide 2574?
False
Is 16 a factor of 400?
True
Is 31 a factor of 248?
True
Does 8 divide 14336?
True
Is 4 a factor of 55?
False
Does 18 divide 22338?
True
Is 26 a factor of 4992?
True
Is 18 a factor of 25506?
True
Is 30 a factor of 1776?
False
Is 80 a factor of 9584?
False
Does 19 divide 48?
False
Does 50 divide 5300?
True
Is 49 a factor of 937?
False
Is 1541 a multiple of 46?
False
Is 94 a factor of 4419?
False
Is 298 a multiple of 11?
False
Is 1320 a multiple of 20?
True
Does 86 divide 774?
True
Does 77 divide 2156?
True
Does 38 divide 3177?
False
Does 6 divide 3354?
True
Does 4 divide 1464?
True
Does 25 divide 4719?
False
Does 154 divide 5698?
True
Does 2 divide 21?
False
Is 60960 a multiple of 15?
True
Is 8 a factor of 11478?
False
Is 3955 a multiple of 35?
True
Is 82 a factor of 7380?
True
Does 292 divide 23477?
False
Is 19 a factor of 3758?
False
Is 220 a multiple of 11?
True
Is 1064 a multiple of 133?
True
Is 37 a factor of 4107?
True
Does 6 divide 2088?
True
Is 1137 a multiple of 2?
False
Does 57 divide 870?
False
Does 7 divide 1645?
True
Is 36 a factor of 5364?
True
Is 492 a multiple of 3?
True
Is 21 a factor of 1785?
True
Is 9 a factor of 72?
True
Does 27 divide 7142?
False
Does 8 divide 89504?
True
Does 7 divide 1007?
False
Is 12 a factor of 8208?
True
Does 13 divide 926?
False
Does 6 divide 441?
False
Is 114 a factor of 19597?
False
Does 6 divide 1801?
False
Is 210 a multiple of 6?
True
Does 30 divide 3096?
False
Does 6 divide 112?
False
Is 96 a multiple of 12?
True
Is 45 a factor of 1810?
False
Is 5358 a multiple of 13?
False
Does 8 divide 4288?
True
Does 18 divide 1386?
True
Is 1288 a multiple of 8?
True
Is 3960 a multiple of 66?
True
Is 31 a factor of 3379?
True
Does 11 divide 9929?
False
Is 16 a factor of 1247?
False
Does 32 divide 36883?
False
Is 1230 a multiple of 41?
True
Does 9 divide 792?
True
Is 4486 a multiple of 19?
False
Is 15 a factor of 795?
True
Is 918 a multiple of 54?
True
Is 78 a factor of 4550?
False
Is 76 a multiple of 6?
False
Is 59 a factor of 1121?
True
Is 1764 a multiple of 14?
True
Is 11869 a multiple of 29?
False
Is 33 a factor of 2321?
False
Is 7 a factor of 12?
False
Does 10 divide 1041?
False
Is 102 a multiple of 6?
True
Does 55 divide 19580?
True
Is 2388 a multiple of 13?
False
Is 2421 a multiple of 5?
False
Is 118 a multiple of 59?
True
Is 17 a facto